uppose -5*l + 5 = 0, 4*j - 25 = -5*l - 0*l. What is the greatest common divisor of j and 4?
1
Suppose 225 = 7*m - 4*m. Suppose 0 = 5*j - m - 45. What is the greatest common factor of j and 60?
12
Let i(b) = -1 + 1 - 6*b - 4*b. Let g be i(-5). Calculate the greatest common factor of g and 75.
25
Let b(g) = 12*g**2 - g + 4. Let y be b(-3). Suppose -134*j + 322 = -127*j. What is the greatest common factor of j and y?
23
Let o be ((-1)/(-3))/((-7)/(-21)). Let j be (-2)/1 + o + 5. Suppose -8*w + j*w + 16 = 0. Calculate the greatest common factor of 6 and w.
2
Let y(c) = -c**2 - 4*c + 9. Let r be y(-5). Suppose r*w - 435 = -w. Calculate the greatest common divisor of 58 and w.
29
Suppose 6*x = x + 30. Suppose -x*y + y = -10. Suppose 9 = i + y*i. What is the highest common factor of 12 and i?
3
Let j be 4/10 - (-196)/35. Let c be ((-93)/12)/((-1)/4). Let q = c + -7. What is the greatest common divisor of q and j?
6
Let p(x) = x**2 - 10*x - 4. Let k be p(9). Let z = k + 18. Suppose -5*v = z - 40. What is the greatest common factor of 63 and v?
7
Suppose 0 = l + l - 12. Let n(a) be the first derivative of a**2/2 - 7*a + 6. Let v be n(9). What is the highest common divisor of v and l?
2
Suppose 3*o = -3*w + 158 - 65, -o + 63 = 2*w. Calculate the greatest common factor of 16 and w.
16
Let f(y) = 3*y**2 - 5*y - 2. Let r be f(-3). Let k be 604/38 + 8 + 450/(-57). What is the greatest common factor of k and r?
8
Suppose 0 = -0*f - 2*f + 5*a + 10, 0 = 5*f + a - 25. What is the greatest common factor of 15 and f?
5
Suppose 0*m - 3 = -m. Let z be ((-396)/(-20))/(m/15). Calculate the highest common divisor of 9 and z.
9
Let s be -7*((-48)/14 + 0). Calculate the highest common divisor of s and 120.
24
Suppose 3*c + c = 84. Let t(a) = 2*a + 1. Let i be t(1). Calculate the greatest common divisor of i and c.
3
Let k be ((-18)/1)/((-1)/1). Let s be ((-10)/25)/(5/(-25)). Calculate the greatest common divisor of s and k.
2
Let x be 9/36 - 7/(-4). Suppose 0 = x*a - 56 + 148. Let g = a + 96. What is the highest common factor of 10 and g?
10
Suppose -30 = 2*k - 5*k. Let f(q) = 3*q**2 - 4*q. Suppose t = a - 2, 2*t + 0*t + 5*a - 31 = 0. Let v be f(t). Calculate the highest common divisor of v and k.
5
Suppose -5*c + 10*c - 145 = 5*b, -4*c = -5*b - 112. What is the greatest common factor of c and 165?
33
Suppose 75 = 4*f + f. Suppose 0 = 2*z + f - 39. Suppose 0 = -3*r + 3*y + 87, -5*y = -0*r + 2*r - 65. Calculate the highest common divisor of z and r.
6
Suppose 2*i - 33 = -f, -2*f + 21 = -f - 2*i. What is the highest common factor of 3 and f?
3
Suppose a - 155 + 59 = 0. Suppose 2*i - 7*i + n + 58 = 0, 56 = 4*i + 4*n. Calculate the highest common divisor of a and i.
12
Suppose -4*g - 66 = -2*i, 3*i - g = -2*g + 99. Calculate the greatest common divisor of 132 and i.
33
Suppose -12 = -4*c - 4. Calculate the greatest common factor of c and 4.
2
Let h(q) = -q**3 - 24*q**2 - 23*q + 22. Let w be h(-23). What is the highest common divisor of w and 33?
11
Suppose -2*v = -5*a + 3 + 4, v = -5*a + 19. Suppose a*x = -3*g + 252, -4*g + 12 = -0. What is the highest common divisor of x and 9?
9
Let t be (12/(-5))/(12/(-40)). What is the highest common factor of t and 40?
8
Suppose -4*s + 120 = -5*a, -60 = -2*s - 0*s - 3*a. Let z be -2 + (72 - (-3 - 2)). Calculate the highest common divisor of s and z.
15
Suppose 5*h - 8 = 7. Let z = 18 + h. What is the greatest common factor of z and 3?
3
Suppose h = 4*k + 2*h - 671, 5*h + 532 = 3*k. What is the highest common divisor of k and 13?
13
Let h = -9 - -13. What is the greatest common divisor of 12 and h?
4
Let o = -53 + 68. Calculate the highest common divisor of 3 and o.
3
Suppose -2*v = 5*w + 18, -7 = w + 2*v + 3. Let d be ((-24)/9)/(w/15). What is the greatest common divisor of d and 220?
20
Let b be (-2)/4*-30 - -3. What is the greatest common factor of b and 12?
6
Suppose 263 = 4*z - 121. What is the highest common factor of 12 and z?
12
Suppose 0 = 17*o - 11*o - 336. Calculate the highest common factor of o and 42.
14
Suppose 4*z = 27 - 7. Calculate the highest common factor of 15 and z.
5
Let v = -14 - -50. Calculate the highest common factor of v and 6.
6
Let t(y) = -y**3 + y**2 + y - 1. Let f be t(1). Suppose 4*s - 3*i = -299 + 1061, 4*i + 8 = f. Calculate the greatest common factor of 21 and s.
21
Let j be (-4)/18 + (-47)/(-9). Let i = 16 - j. Calculate the highest common factor of i and 33.
11
Let j(g) = -g**3 - 4*g**2 + 2*g - 4. Let l be j(-5). Let y = -10 + 12. Suppose 33 = p + y*p. What is the highest common divisor of p and l?
11
Suppose 0 = 2*t - 0*t. Let a = t + 4. What is the highest common divisor of 4 and a?
4
Let g(d) = d + 10. Let z be g(-6). Suppose 138 = 3*s + z*o, -5*o + 6 = 21. Let l = -6 - -11. Calculate the greatest common divisor of s and l.
5
Let c be 2 + 2/(6/(-3)). What is the greatest common factor of 2 and c?
1
Suppose 0 = -0*w - 2*w + 2*q + 10, w = 2*q + 6. Suppose w*x + 36 - 100 = 0. Calculate the greatest common divisor of 32 and x.
16
Let z be -1 - (15/(-3) + 0). Let b be ((-6)/z)/((-9)/48). Suppose 5*g = 2*a + 200, -g = 6*a - 2*a - 40. What is the greatest common factor of g and b?
8
Let m be -44*(1 + (-3 - 0)). What is the highest common divisor of 11 and m?
11
Let y(m) = -3*m - 6. Let n be y(-6). Suppose -4*i = 31 - 367. What is the greatest common factor of n and i?
12
Let n(i) = i**2 + 5*i + 1. Let y be n(-6). Let v be (0 - 4)/((-2)/y). Calculate the greatest common factor of v and 28.
14
Let s be ((-6)/4)/(2/(-4)). Suppose -1 + 3 = 2*j. Let z be 3*(1 + 2/j). Calculate the highest common factor of z and s.
3
Let z(q) = -q + 5. Let a be z(3). Let h = a - -7. Calculate the highest common divisor of h and 6.
3
Let l(y) = 125*y**3 - y**2 + y - 1. Let w be l(1). Suppose 3*h = 37 - w. Let z = h - -49. What is the highest common factor of z and 4?
4
Let x(q) = 69*q**2 + 1. Suppose 2*j - 7 = -m, -8*m = -4*m + 5*j - 19. Let b be x(m). Calculate the highest common factor of 14 and b.
14
Suppose 4*m + 8 = -0. Let f be m/3 + 20/(-6). Let o be (54/f)/(1/(-2)). What is the highest common factor of o and 9?
9
Let k = -31 - -39. What is the highest common divisor of 72 and k?
8
Let j = -4 + 2. Let d be 1*-3*j/2. Calculate the highest common divisor of 27 and d.
3
Suppose 9*w + 0 - 144 = 0. Let i be (1 - -1*142) + 1. Calculate the highest common factor of w and i.
16
Let l be ((-4)/6)/(7/231). Let y = -15 - l. Calculate the greatest common divisor of y and 77.
7
Let b be (-8)/((3 + 0)/(-15)). Suppose 3*t + t = b. What is the highest common divisor of 2 and t?
2
Let s(c) = 2*c**2 - 10*c + 2. Let o be s(7). What is the greatest common divisor of o and 210?
30
Let v(s) = -4 + 10 - 1 - s. Let b be v(0). Calculate the greatest common factor of b and 2.
1
Let m be (7 + -1)*(-2)/(-12). Suppose -5*f + 4 + m = 0. Calculate the highest common factor of f and 2.
1
Suppose -5*z = -u - 3, -5 = -3*z + 1. Let n = u + -5. Let r be (-2)/(-12) + 166/12 + 0. Calculate the greatest common divisor of r and n.
2
Suppose 5*d - 7 + 2 = 0. Let a be (18/4*2)/d. Calculate the greatest common factor of 18 and a.
9
Let v(i) = i**3 + 7*i**2 - 5. Let l be v(-7). Let f be (l/15)/((-3)/(-18)). Let x be f/((4/(-18))/2). What is the highest common factor of 2 and x?
2
Suppose -2*c + 18 = 3*x, 8*x = 3*c + 4*x - 10. Calculate the highest common divisor of c and 18.
6
Let m = -57 - -81. Let j(b) = 3 + 0 + 5*b + b**2 + 0*b**2. Let q be j(-5). What is the greatest common divisor of m and q?
3
Let x be (-79)/(-1) + -4 + 5. Suppose 0 = -2*h + 5*h + 9. Let f be (-20)/h*6/4. Calculate the highest common factor of x and f.
10
Suppose -2*o - 3*o + 160 = 0. What is the greatest common factor of 8 and o?
8
Let t(h) be the third derivative of -h**4/8 - 2*h**3 - 3*h**2. Let x be t(-10). Calculate the greatest common factor of 90 and x.
18
Let s be (60/25)/(2/40). Let r = -12 + 17. Suppose 3*q - r*p = 48, -5*q - 2*p - 51 = -131. Calculate the highest common factor of s and q.
16
Let u be 2/5 - (-86)/10. Suppose 5*o - u = 156. Suppose l + y = 5*y + 26, 3*l + 5*y - 61 = 0. What is the greatest common factor of o and l?
11
Suppose s + 3*s + 604 = 5*g, 0 = -4*g - 2*s + 478. What is the highest common divisor of 15 and g?
15
Let o(l) = 7*l**2 - 3*l + 2. Let z be o(1)